{"id":16,"date":"2014-12-12T14:08:00","date_gmt":"2014-12-12T14:08:00","guid":{"rendered":"http:\/\/wdolinierospudy.pl\/?page_id=16"},"modified":"2020-09-16T20:29:05","modified_gmt":"2020-09-16T20:29:05","slug":"galeria","status":"publish","type":"page","link":"http:\/\/wdolinierospudy.pl\/index.php\/galeria\/","title":{"rendered":"Galeria"},"content":{"rendered":"<div style=\"text-align: center; margin: auto;\">\n<p><iframe loading=\"lazy\" src=\"https:\/\/www.youtube.com\/embed\/rpGNVObVAUE\" width=\"720\" height=\"315\" frameborder=\"0\" allowfullscreen=\"allowfullscreen\"><\/iframe><\/p>\n<\/div>\n\n\t\t<style type=\"text\/css\">\n\t\t\t#gallery-1 {\n\t\t\t\tmargin: auto;\n\t\t\t}\n\t\t\t#gallery-1 .gallery-item {\n\t\t\t\tfloat: left;\n\t\t\t\tmargin-top: 10px;\n\t\t\t\ttext-align: center;\n\t\t\t\twidth: 25%;\n\t\t\t}\n\t\t\t#gallery-1 img {\n\t\t\t\tborder: 2px solid #cfcfcf;\n\t\t\t}\n\t\t\t#gallery-1 .gallery-caption {\n\t\t\t\tmargin-left: 0;\n\t\t\t}\n\t\t\t\/* see gallery_shortcode() in wp-includes\/media.php *\/\n\t\t<\/style>\n\t\t<div id='gallery-1' class='gallery galleryid-16 gallery-columns-4 gallery-size-thumbnail'><dl class='gallery-item'>\n\t\t\t<dt class='gallery-icon landscape'>\n\t\t\t\t<a href='http:\/\/wdolinierospudy.pl\/wp-content\/uploads\/2020\/09\/wdolinierospudy-pensjonat.jpeg'><img width=\"150\" height=\"150\" src=\"http:\/\/wdolinierospudy.pl\/wp-content\/uploads\/2020\/09\/wdolinierospudy-pensjonat-150x150.jpeg\" class=\"attachment-thumbnail size-thumbnail\" alt=\"\" loading=\"lazy\" \/><\/a>\n\t\t\t<\/dt><\/dl><dl class='gallery-item'>\n\t\t\t<dt class='gallery-icon landscape'>\n\t\t\t\t<a href='http:\/\/wdolinierospudy.pl\/wp-content\/uploads\/2020\/09\/20200805_224819.jpg'><img width=\"150\" height=\"150\" src=\"http:\/\/wdolinierospudy.pl\/wp-content\/uploads\/2020\/09\/20200805_224819-150x150.jpg\" class=\"attachment-thumbnail size-thumbnail\" alt=\"\" loading=\"lazy\" \/><\/a>\n\t\t\t<\/dt><\/dl><dl class='gallery-item'>\n\t\t\t<dt class='gallery-icon landscape'>\n\t\t\t\t<a href='http:\/\/wdolinierospudy.pl\/wp-content\/uploads\/2020\/09\/DJI_0037.jpg'><img width=\"150\" height=\"150\" src=\"http:\/\/wdolinierospudy.pl\/wp-content\/uploads\/2020\/09\/DJI_0037-150x150.jpg\" class=\"attachment-thumbnail size-thumbnail\" alt=\"\" loading=\"lazy\" \/><\/a>\n\t\t\t<\/dt><\/dl><dl class='gallery-item'>\n\t\t\t<dt class='gallery-icon landscape'>\n\t\t\t\t<a href='http:\/\/wdolinierospudy.pl\/wp-content\/uploads\/2020\/09\/DJI_0050.jpg'><img width=\"150\" height=\"150\" src=\"http:\/\/wdolinierospudy.pl\/wp-content\/uploads\/2020\/09\/DJI_0050-150x150.jpg\" class=\"attachment-thumbnail size-thumbnail\" alt=\"\" loading=\"lazy\" \/><\/a>\n\t\t\t<\/dt><\/dl><br style=\"clear: both\" \/><dl class='gallery-item'>\n\t\t\t<dt class='gallery-icon landscape'>\n\t\t\t\t<a href='http:\/\/wdolinierospudy.pl\/wp-content\/uploads\/2020\/09\/DJI_0036.jpg'><img width=\"150\" height=\"150\" src=\"http:\/\/wdolinierospudy.pl\/wp-content\/uploads\/2020\/09\/DJI_0036-150x150.jpg\" class=\"attachment-thumbnail size-thumbnail\" alt=\"\" loading=\"lazy\" \/><\/a>\n\t\t\t<\/dt><\/dl><dl class='gallery-item'>\n\t\t\t<dt class='gallery-icon landscape'>\n\t\t\t\t<a href='http:\/\/wdolinierospudy.pl\/wp-content\/uploads\/2020\/09\/DJI_0062.jpg'><img width=\"150\" height=\"150\" src=\"http:\/\/wdolinierospudy.pl\/wp-content\/uploads\/2020\/09\/DJI_0062-150x150.jpg\" class=\"attachment-thumbnail size-thumbnail\" alt=\"\" loading=\"lazy\" \/><\/a>\n\t\t\t<\/dt><\/dl><dl class='gallery-item'>\n\t\t\t<dt class='gallery-icon portrait'>\n\t\t\t\t<a href='http:\/\/wdolinierospudy.pl\/wp-content\/uploads\/2020\/09\/20200805_144827-01-12.jpeg'><img width=\"150\" height=\"150\" src=\"http:\/\/wdolinierospudy.pl\/wp-content\/uploads\/2020\/09\/20200805_144827-01-12-150x150.jpeg\" class=\"attachment-thumbnail size-thumbnail\" alt=\"\" loading=\"lazy\" \/><\/a>\n\t\t\t<\/dt><\/dl><dl class='gallery-item'>\n\t\t\t<dt class='gallery-icon portrait'>\n\t\t\t\t<a href='http:\/\/wdolinierospudy.pl\/wp-content\/uploads\/2020\/09\/20200805_132411.jpg'><img width=\"150\" height=\"150\" src=\"http:\/\/wdolinierospudy.pl\/wp-content\/uploads\/2020\/09\/20200805_132411-150x150.jpg\" class=\"attachment-thumbnail size-thumbnail\" alt=\"\" loading=\"lazy\" \/><\/a>\n\t\t\t<\/dt><\/dl><br style=\"clear: both\" \/><dl class='gallery-item'>\n\t\t\t<dt class='gallery-icon landscape'>\n\t\t\t\t<a href='http:\/\/wdolinierospudy.pl\/wp-content\/uploads\/2020\/09\/20200805_144737-12.jpg'><img width=\"150\" height=\"150\" src=\"http:\/\/wdolinierospudy.pl\/wp-content\/uploads\/2020\/09\/20200805_144737-12-150x150.jpg\" class=\"attachment-thumbnail size-thumbnail\" alt=\"\" loading=\"lazy\" \/><\/a>\n\t\t\t<\/dt><\/dl><dl class='gallery-item'>\n\t\t\t<dt class='gallery-icon landscape'>\n\t\t\t\t<a href='http:\/\/wdolinierospudy.pl\/wp-content\/uploads\/2020\/09\/20200805_231019.jpg'><img width=\"150\" height=\"150\" src=\"http:\/\/wdolinierospudy.pl\/wp-content\/uploads\/2020\/09\/20200805_231019-150x150.jpg\" class=\"attachment-thumbnail size-thumbnail\" alt=\"\" loading=\"lazy\" \/><\/a>\n\t\t\t<\/dt><\/dl><dl class='gallery-item'>\n\t\t\t<dt class='gallery-icon landscape'>\n\t\t\t\t<a href='http:\/\/wdolinierospudy.pl\/wp-content\/uploads\/2020\/09\/20200805_154907.jpg'><img width=\"150\" height=\"150\" src=\"http:\/\/wdolinierospudy.pl\/wp-content\/uploads\/2020\/09\/20200805_154907-150x150.jpg\" class=\"attachment-thumbnail size-thumbnail\" alt=\"\" loading=\"lazy\" \/><\/a>\n\t\t\t<\/dt><\/dl><dl class='gallery-item'>\n\t\t\t<dt class='gallery-icon landscape'>\n\t\t\t\t<a href='http:\/\/wdolinierospudy.pl\/wp-content\/uploads\/2020\/09\/20200801_195335.jpg'><img width=\"150\" height=\"150\" src=\"http:\/\/wdolinierospudy.pl\/wp-content\/uploads\/2020\/09\/20200801_195335-150x150.jpg\" class=\"attachment-thumbnail size-thumbnail\" alt=\"\" loading=\"lazy\" \/><\/a>\n\t\t\t<\/dt><\/dl><br style=\"clear: both\" \/><dl class='gallery-item'>\n\t\t\t<dt class='gallery-icon landscape'>\n\t\t\t\t<a href='http:\/\/wdolinierospudy.pl\/wp-content\/uploads\/2020\/09\/20200802_125952.jpg'><img width=\"150\" height=\"150\" src=\"http:\/\/wdolinierospudy.pl\/wp-content\/uploads\/2020\/09\/20200802_125952-150x150.jpg\" class=\"attachment-thumbnail size-thumbnail\" alt=\"\" loading=\"lazy\" \/><\/a>\n\t\t\t<\/dt><\/dl><dl class='gallery-item'>\n\t\t\t<dt class='gallery-icon portrait'>\n\t\t\t\t<a href='http:\/\/wdolinierospudy.pl\/wp-content\/uploads\/2020\/09\/20200812_150838.jpg'><img width=\"150\" height=\"150\" src=\"http:\/\/wdolinierospudy.pl\/wp-content\/uploads\/2020\/09\/20200812_150838-150x150.jpg\" class=\"attachment-thumbnail size-thumbnail\" alt=\"\" loading=\"lazy\" \/><\/a>\n\t\t\t<\/dt><\/dl><dl class='gallery-item'>\n\t\t\t<dt class='gallery-icon landscape'>\n\t\t\t\t<a href='http:\/\/wdolinierospudy.pl\/wp-content\/uploads\/2020\/09\/20200802_124539.jpg'><img width=\"150\" height=\"150\" src=\"http:\/\/wdolinierospudy.pl\/wp-content\/uploads\/2020\/09\/20200802_124539-150x150.jpg\" class=\"attachment-thumbnail size-thumbnail\" alt=\"\" loading=\"lazy\" \/><\/a>\n\t\t\t<\/dt><\/dl><dl class='gallery-item'>\n\t\t\t<dt class='gallery-icon portrait'>\n\t\t\t\t<a href='http:\/\/wdolinierospudy.pl\/wp-content\/uploads\/2020\/09\/20200802_120041.jpg'><img width=\"150\" height=\"150\" src=\"http:\/\/wdolinierospudy.pl\/wp-content\/uploads\/2020\/09\/20200802_120041-150x150.jpg\" class=\"attachment-thumbnail size-thumbnail\" alt=\"\" loading=\"lazy\" \/><\/a>\n\t\t\t<\/dt><\/dl><br style=\"clear: both\" \/><dl class='gallery-item'>\n\t\t\t<dt class='gallery-icon landscape'>\n\t\t\t\t<a href='http:\/\/wdolinierospudy.pl\/wp-content\/uploads\/2014\/12\/P1060812-e1435149267436.jpg'><img width=\"150\" height=\"150\" src=\"http:\/\/wdolinierospudy.pl\/wp-content\/uploads\/2014\/12\/P1060812-150x150.jpg\" class=\"attachment-thumbnail size-thumbnail\" alt=\"\" loading=\"lazy\" \/><\/a>\n\t\t\t<\/dt><\/dl><dl class='gallery-item'>\n\t\t\t<dt class='gallery-icon landscape'>\n\t\t\t\t<a href='http:\/\/wdolinierospudy.pl\/wp-content\/uploads\/2014\/12\/P1060810-e1435149180255.jpg'><img width=\"150\" height=\"150\" src=\"http:\/\/wdolinierospudy.pl\/wp-content\/uploads\/2014\/12\/P1060810-150x150.jpg\" class=\"attachment-thumbnail size-thumbnail\" alt=\"\" loading=\"lazy\" \/><\/a>\n\t\t\t<\/dt><\/dl><dl class='gallery-item'>\n\t\t\t<dt class='gallery-icon landscape'>\n\t\t\t\t<a href='http:\/\/wdolinierospudy.pl\/wp-content\/uploads\/2014\/12\/125094891_8_644x461_noclegi-pokoje-tanie-i-komfortowe-suwalszczyzna-mazury-.jpg'><img width=\"150\" height=\"150\" src=\"http:\/\/wdolinierospudy.pl\/wp-content\/uploads\/2014\/12\/125094891_8_644x461_noclegi-pokoje-tanie-i-komfortowe-suwalszczyzna-mazury--150x150.jpg\" class=\"attachment-thumbnail size-thumbnail\" alt=\"\" loading=\"lazy\" \/><\/a>\n\t\t\t<\/dt><\/dl><dl class='gallery-item'>\n\t\t\t<dt class='gallery-icon landscape'>\n\t\t\t\t<a href='http:\/\/wdolinierospudy.pl\/wp-content\/uploads\/2014\/12\/DSC0339-e1435150204556.jpg'><img width=\"150\" height=\"150\" src=\"http:\/\/wdolinierospudy.pl\/wp-content\/uploads\/2014\/12\/DSC0339-150x150.jpg\" class=\"attachment-thumbnail size-thumbnail\" alt=\"\" loading=\"lazy\" aria-describedby=\"gallery-1-106\" \/><\/a>\n\t\t\t<\/dt>\n\t\t\t\t<dd class='wp-caption-text gallery-caption' id='gallery-1-106'>\n\t\t\t\tSauna\n\t\t\t\t<\/dd><\/dl><br style=\"clear: both\" \/><dl class='gallery-item'>\n\t\t\t<dt class='gallery-icon landscape'>\n\t\t\t\t<a href='http:\/\/wdolinierospudy.pl\/wp-content\/uploads\/2014\/12\/DSC0338-e1435150219342.jpg'><img width=\"150\" height=\"150\" src=\"http:\/\/wdolinierospudy.pl\/wp-content\/uploads\/2014\/12\/DSC0338-150x150.jpg\" class=\"attachment-thumbnail size-thumbnail\" alt=\"\" loading=\"lazy\" aria-describedby=\"gallery-1-105\" \/><\/a>\n\t\t\t<\/dt>\n\t\t\t\t<dd class='wp-caption-text gallery-caption' id='gallery-1-105'>\n\t\t\t\tSauna\n\t\t\t\t<\/dd><\/dl><dl class='gallery-item'>\n\t\t\t<dt class='gallery-icon landscape'>\n\t\t\t\t<a href='http:\/\/wdolinierospudy.pl\/wp-content\/uploads\/2014\/12\/125094891_7_644x461_noclegi-pokoje-tanie-i-komfortowe-suwalszczyzna-mazury-.jpg'><img width=\"150\" height=\"150\" src=\"http:\/\/wdolinierospudy.pl\/wp-content\/uploads\/2014\/12\/125094891_7_644x461_noclegi-pokoje-tanie-i-komfortowe-suwalszczyzna-mazury--150x150.jpg\" class=\"attachment-thumbnail size-thumbnail\" alt=\"\" loading=\"lazy\" \/><\/a>\n\t\t\t<\/dt><\/dl><dl class='gallery-item'>\n\t\t\t<dt class='gallery-icon landscape'>\n\t\t\t\t<a href='http:\/\/wdolinierospudy.pl\/wp-content\/uploads\/2014\/12\/125094891_5_644x461_noclegi-pokoje-tanie-i-komfortowe-suwalszczyzna-mazury-podlaskie.jpg'><img width=\"150\" height=\"150\" src=\"http:\/\/wdolinierospudy.pl\/wp-content\/uploads\/2014\/12\/125094891_5_644x461_noclegi-pokoje-tanie-i-komfortowe-suwalszczyzna-mazury-podlaskie-150x150.jpg\" class=\"attachment-thumbnail size-thumbnail\" alt=\"\" loading=\"lazy\" aria-describedby=\"gallery-1-36\" \/><\/a>\n\t\t\t<\/dt>\n\t\t\t\t<dd class='wp-caption-text gallery-caption' id='gallery-1-36'>\n\t\t\t\tSalon i pok\u00f3j zabaw\n\t\t\t\t<\/dd><\/dl><dl class='gallery-item'>\n\t\t\t<dt class='gallery-icon landscape'>\n\t\t\t\t<a href='http:\/\/wdolinierospudy.pl\/wp-content\/uploads\/2014\/12\/125094891_3_644x461_noclegi-pokoje-tanie-i-komfortowe-suwalszczyzna-mazury-noclegi.jpg'><img width=\"150\" height=\"150\" src=\"http:\/\/wdolinierospudy.pl\/wp-content\/uploads\/2014\/12\/125094891_3_644x461_noclegi-pokoje-tanie-i-komfortowe-suwalszczyzna-mazury-noclegi-150x150.jpg\" class=\"attachment-thumbnail size-thumbnail\" alt=\"\" loading=\"lazy\" \/><\/a>\n\t\t\t<\/dt><\/dl><br style=\"clear: both\" \/><dl class='gallery-item'>\n\t\t\t<dt class='gallery-icon landscape'>\n\t\t\t\t<a href='http:\/\/wdolinierospudy.pl\/wp-content\/uploads\/2014\/12\/125094891_2_644x461_noclegi-pokoje-tanie-i-komfortowe-suwalszczyzna-mazury-dodaj-zdjec.jpg'><img width=\"150\" height=\"150\" src=\"http:\/\/wdolinierospudy.pl\/wp-content\/uploads\/2014\/12\/125094891_2_644x461_noclegi-pokoje-tanie-i-komfortowe-suwalszczyzna-mazury-dodaj-zdjec-150x150.jpg\" class=\"attachment-thumbnail size-thumbnail\" alt=\"\" loading=\"lazy\" \/><\/a>\n\t\t\t<\/dt><\/dl><dl class='gallery-item'>\n\t\t\t<dt class='gallery-icon landscape'>\n\t\t\t\t<a href='http:\/\/wdolinierospudy.pl\/wp-content\/uploads\/2020\/09\/20190721_185155.jpg'><img width=\"150\" height=\"150\" src=\"http:\/\/wdolinierospudy.pl\/wp-content\/uploads\/2020\/09\/20190721_185155-150x150.jpg\" class=\"attachment-thumbnail size-thumbnail\" alt=\"Pensjonat U \u0179r\u00f3de\u0142 rospudy\" loading=\"lazy\" \/><\/a>\n\t\t\t<\/dt><\/dl>\n\t\t\t<br style='clear: both' \/>\n\t\t<\/div>\n\n","protected":false},"excerpt":{"rendered":"","protected":false},"author":1,"featured_media":0,"parent":0,"menu_order":0,"comment_status":"open","ping_status":"open","template":"","meta":[],"yoast_head":"<!-- This site is optimized with the Yoast SEO plugin v15.9.2 - https:\/\/yoast.com\/wordpress\/plugins\/seo\/ -->\n<title>Galeria - W dolinie Rospudy<\/title>\n<meta name=\"description\" content=\"galeria zdj\u0119\u0107 pensjonatu i okolicy\" \/>\n<link rel=\"canonical\" href=\"https:\/\/wdolinierospudy.pl\/index.php\/galeria\/\" \/>\n<meta property=\"og:locale\" content=\"en_US\" \/>\n<meta property=\"og:type\" content=\"article\" \/>\n<meta property=\"og:title\" content=\"Galeria - W dolinie Rospudy\" \/>\n<meta property=\"og:description\" content=\"galeria zdj\u0119\u0107 pensjonatu i okolicy\" \/>\n<meta property=\"og:url\" content=\"https:\/\/wdolinierospudy.pl\/index.php\/galeria\/\" \/>\n<meta property=\"og:site_name\" content=\"W dolinie Rospudy\" \/>\n<meta property=\"article:modified_time\" content=\"2020-09-16T20:29:05+00:00\" \/>\n<meta property=\"og:image\" content=\"http:\/\/wdolinierospudy.pl\/wp-content\/uploads\/2020\/09\/wdolinierospudy-pensjonat-150x150.jpeg\" \/>\n<script type=\"application\/ld+json\" class=\"yoast-schema-graph\">{\"@context\":\"https:\/\/schema.org\",\"@graph\":[{\"@type\":\"WebSite\",\"@id\":\"http:\/\/wdolinierospudy.pl\/#website\",\"url\":\"http:\/\/wdolinierospudy.pl\/\",\"name\":\"W dolinie Rospudy\",\"description\":\"\",\"potentialAction\":[{\"@type\":\"SearchAction\",\"target\":\"http:\/\/wdolinierospudy.pl\/?s={search_term_string}\",\"query-input\":\"required name=search_term_string\"}],\"inLanguage\":\"en-US\"},{\"@type\":\"WebPage\",\"@id\":\"https:\/\/wdolinierospudy.pl\/index.php\/galeria\/#webpage\",\"url\":\"https:\/\/wdolinierospudy.pl\/index.php\/galeria\/\",\"name\":\"Galeria - W dolinie Rospudy\",\"isPartOf\":{\"@id\":\"http:\/\/wdolinierospudy.pl\/#website\"},\"datePublished\":\"2014-12-12T14:08:00+00:00\",\"dateModified\":\"2020-09-16T20:29:05+00:00\",\"description\":\"galeria zdj\\u0119\\u0107 pensjonatu i okolicy\",\"breadcrumb\":{\"@id\":\"https:\/\/wdolinierospudy.pl\/index.php\/galeria\/#breadcrumb\"},\"inLanguage\":\"en-US\",\"potentialAction\":[{\"@type\":\"ReadAction\",\"target\":[\"https:\/\/wdolinierospudy.pl\/index.php\/galeria\/\"]}]},{\"@type\":\"BreadcrumbList\",\"@id\":\"https:\/\/wdolinierospudy.pl\/index.php\/galeria\/#breadcrumb\",\"itemListElement\":[{\"@type\":\"ListItem\",\"position\":1,\"item\":{\"@type\":\"WebPage\",\"@id\":\"http:\/\/wdolinierospudy.pl\/\",\"url\":\"http:\/\/wdolinierospudy.pl\/\",\"name\":\"Home\"}},{\"@type\":\"ListItem\",\"position\":2,\"item\":{\"@type\":\"WebPage\",\"@id\":\"https:\/\/wdolinierospudy.pl\/index.php\/galeria\/\",\"url\":\"https:\/\/wdolinierospudy.pl\/index.php\/galeria\/\",\"name\":\"Galeria\"}}]}]}<\/script>\n<!-- \/ Yoast SEO plugin. -->","_links":{"self":[{"href":"http:\/\/wdolinierospudy.pl\/index.php\/wp-json\/wp\/v2\/pages\/16"}],"collection":[{"href":"http:\/\/wdolinierospudy.pl\/index.php\/wp-json\/wp\/v2\/pages"}],"about":[{"href":"http:\/\/wdolinierospudy.pl\/index.php\/wp-json\/wp\/v2\/types\/page"}],"author":[{"embeddable":true,"href":"http:\/\/wdolinierospudy.pl\/index.php\/wp-json\/wp\/v2\/users\/1"}],"replies":[{"embeddable":true,"href":"http:\/\/wdolinierospudy.pl\/index.php\/wp-json\/wp\/v2\/comments?post=16"}],"version-history":[{"count":24,"href":"http:\/\/wdolinierospudy.pl\/index.php\/wp-json\/wp\/v2\/pages\/16\/revisions"}],"predecessor-version":[{"id":274,"href":"http:\/\/wdolinierospudy.pl\/index.php\/wp-json\/wp\/v2\/pages\/16\/revisions\/274"}],"wp:attachment":[{"href":"http:\/\/wdolinierospudy.pl\/index.php\/wp-json\/wp\/v2\/media?parent=16"}],"curies":[{"name":"wp","href":"https:\/\/api.w.org\/{rel}","templated":true}]}}