{"id":21,"date":"2014-12-12T14:10:01","date_gmt":"2014-12-12T14:10:01","guid":{"rendered":"http:\/\/wdolinierospudy.pl\/?page_id=21"},"modified":"2021-07-29T06:24:32","modified_gmt":"2021-07-29T06:24:32","slug":"o-nas","status":"publish","type":"page","link":"http:\/\/wdolinierospudy.pl\/index.php\/o-nas\/","title":{"rendered":"Pensjonat"},"content":{"rendered":"<h3><b>Pensjonat<\/b><\/h3>\n<p><span class=\"goog-text-highlight\">Pensjonat u Agnieszki, po\u0142o\u017cony\u00a0jest u \u017ar\u00f3de\u0142\u00a0Rospudy\u00a0w miejscowo\u015bci Filip\u00f3w IV, gm.Filip\u00f3w, 20 km od Suwa\u0142k.<\/span><\/p>\n<h3><b>Oferta<\/b><\/h3>\n<p>OFERUJEMY Pa\u0144stwu noclegi z wy\u017cywieniem lub bez.<br \/>\nPokoje:<\/p>\n<ul>\n<li>dwa pokoje dwuosobowe z wyj\u015bciem na balkon, \u0142azienki z prysznicem i WC, szerokie, wygodne \u0142\u00f3\u017cka, bieli\u017aniarki \u00a0 \u00a0 \u00a0 i kom\u00f3dki na ubrania,<\/li>\n<li>dwa pokoje dwuosobowe z dodatkowymi 3-osobowymi antresolami (\u0142\u0105cznie na poddaszu 5 os\u00f3b), r\u00f3wnie\u017c \u0142azienki z prysznicem i WC , szerokie i wygodne \u0142\u00f3\u017cka, meble na ubrania,<\/li>\n<li>1 pok\u00f3j z \u0142azienk\u0105 i prysznicem, szerokie \u0142o\u017ce ma\u0142\u017ce\u0144skie oraz \u0142\u00f3\u017cko pi\u0119trowe dla dzieci, wyj\u015bcie na balkon.<\/li>\n<li>salon z kominkiem: Telewizja, internet, aneks kuchenny, toaleta WC, wyj\u015bcie na taras.<\/li>\n<li>kuchnia w pe\u0142ni wyposa\u017cona m.in. kuchenka gazowa , zmywarka, lod\u00f3wka, czajnik elektryczny, naczynia,zastawa itp.<\/li>\n<\/ul>\n<h3><b>Ceny<\/b><\/h3>\n<p>Cena za jedn\u0105 osob\u0119 to jedynie 50 z\u0142 za dob\u0119.<\/p>\n<p>Wygodne MIEJSCA PARKINGOWE &#8211;\u00a0wliczone w cen\u0119. Parking o\u015bwietlony, ogrodzony.<br \/>\nCena za jedno \u015bniadanie, to 12 z\u0142. Obiad &#8211; 20 z\u0142.<\/p>\n<p>MO\u017bLIWO\u015a\u0106 wynaj\u0119cia ca\u0142ego Pensjonatu, liczba Os\u00f3b max 10 &#8211; cena do 500 z\u0142 \/ doba.<\/p>\n<p>Wynaj\u0119cie sali bankietowej &#8211; 700z\u0142<\/p>\n<p>Sklepy spo\u017cywcze i nie tylko w odleg\u0142o\u015bci 1,5 km od pensjonatu, w miejscowo\u015bci Filip\u00f3w.<\/p>\n<p><a href=\"http:\/\/wdolinierospudy.pl\/wp-content\/uploads\/2020\/09\/20190721_185155.jpg\"><img loading=\"lazy\" class=\"size-full wp-image-271 aligncenter\" src=\"http:\/\/wdolinierospudy.pl\/wp-content\/uploads\/2020\/09\/20190721_185155.jpg\" alt=\"Pensjonat U \u0179r\u00f3de\u0142 rospudy\" width=\"1920\" height=\"1080\" srcset=\"http:\/\/wdolinierospudy.pl\/wp-content\/uploads\/2020\/09\/20190721_185155.jpg 1920w, http:\/\/wdolinierospudy.pl\/wp-content\/uploads\/2020\/09\/20190721_185155-300x169.jpg 300w, http:\/\/wdolinierospudy.pl\/wp-content\/uploads\/2020\/09\/20190721_185155-768x432.jpg 768w, http:\/\/wdolinierospudy.pl\/wp-content\/uploads\/2020\/09\/20190721_185155-1024x576.jpg 1024w, http:\/\/wdolinierospudy.pl\/wp-content\/uploads\/2020\/09\/20190721_185155-1200x675.jpg 1200w\" sizes=\"(max-width: 1920px) 100vw, 1920px\" \/><\/a><\/p>\n","protected":false},"excerpt":{"rendered":"<p>Pensjonat Pensjonat u Agnieszki, po\u0142o\u017cony\u00a0jest u \u017ar\u00f3de\u0142\u00a0Rospudy\u00a0w miejscowo\u015bci Filip\u00f3w IV, gm.Filip\u00f3w, 20 km od Suwa\u0142k. Oferta OFERUJEMY Pa\u0144stwu noclegi z wy\u017cywieniem lub bez. Pokoje: dwa pokoje dwuosobowe z wyj\u015bciem na balkon, \u0142azienki z prysznicem i WC, szerokie, wygodne \u0142\u00f3\u017cka, bieli\u017aniarki \u00a0 \u00a0 \u00a0 i kom\u00f3dki na ubrania, dwa pokoje dwuosobowe z dodatkowymi 3-osobowymi antresolami (\u0142\u0105cznie [&hellip;]<\/p>\n","protected":false},"author":1,"featured_media":0,"parent":0,"menu_order":0,"comment_status":"open","ping_status":"open","template":"","meta":[],"yoast_head":"<!-- This site is optimized with the Yoast SEO plugin v15.9.2 - https:\/\/yoast.com\/wordpress\/plugins\/seo\/ -->\n<title>Pensjonat - W dolinie Rospudy<\/title>\n<meta name=\"description\" content=\"Szczeg\u00f3\u0142y naszej oferty. Pokoje, ceny, wy\u017cywienie.\" \/>\n<link rel=\"canonical\" href=\"https:\/\/wdolinierospudy.pl\/index.php\/o-nas\/\" \/>\n<meta property=\"og:locale\" content=\"en_US\" \/>\n<meta property=\"og:type\" content=\"article\" \/>\n<meta property=\"og:title\" content=\"Pensjonat - W dolinie Rospudy\" \/>\n<meta property=\"og:description\" content=\"Szczeg\u00f3\u0142y naszej oferty. Pokoje, ceny, wy\u017cywienie.\" \/>\n<meta property=\"og:url\" content=\"https:\/\/wdolinierospudy.pl\/index.php\/o-nas\/\" \/>\n<meta property=\"og:site_name\" content=\"W dolinie Rospudy\" \/>\n<meta property=\"article:modified_time\" content=\"2021-07-29T06:24:32+00:00\" \/>\n<meta property=\"og:image\" content=\"http:\/\/wdolinierospudy.pl\/wp-content\/uploads\/2020\/09\/20190721_185155.jpg\" \/>\n<meta name=\"twitter:label1\" content=\"Est. reading time\">\n\t<meta name=\"twitter:data1\" content=\"1 minute\">\n<script type=\"application\/ld+json\" class=\"yoast-schema-graph\">{\"@context\":\"https:\/\/schema.org\",\"@graph\":[{\"@type\":\"WebSite\",\"@id\":\"http:\/\/wdolinierospudy.pl\/#website\",\"url\":\"http:\/\/wdolinierospudy.pl\/\",\"name\":\"W dolinie Rospudy\",\"description\":\"\",\"potentialAction\":[{\"@type\":\"SearchAction\",\"target\":\"http:\/\/wdolinierospudy.pl\/?s={search_term_string}\",\"query-input\":\"required name=search_term_string\"}],\"inLanguage\":\"en-US\"},{\"@type\":\"ImageObject\",\"@id\":\"https:\/\/wdolinierospudy.pl\/index.php\/o-nas\/#primaryimage\",\"inLanguage\":\"en-US\",\"url\":\"http:\/\/wdolinierospudy.pl\/wp-content\/uploads\/2020\/09\/20190721_185155.jpg\",\"width\":1920,\"height\":1080,\"caption\":\"Pensjonat U \\u0179r\\u00f3de\\u0142 rospudy\"},{\"@type\":\"WebPage\",\"@id\":\"https:\/\/wdolinierospudy.pl\/index.php\/o-nas\/#webpage\",\"url\":\"https:\/\/wdolinierospudy.pl\/index.php\/o-nas\/\",\"name\":\"Pensjonat - W dolinie Rospudy\",\"isPartOf\":{\"@id\":\"http:\/\/wdolinierospudy.pl\/#website\"},\"primaryImageOfPage\":{\"@id\":\"https:\/\/wdolinierospudy.pl\/index.php\/o-nas\/#primaryimage\"},\"datePublished\":\"2014-12-12T14:10:01+00:00\",\"dateModified\":\"2021-07-29T06:24:32+00:00\",\"description\":\"Szczeg\\u00f3\\u0142y naszej oferty. Pokoje, ceny, wy\\u017cywienie.\",\"breadcrumb\":{\"@id\":\"https:\/\/wdolinierospudy.pl\/index.php\/o-nas\/#breadcrumb\"},\"inLanguage\":\"en-US\",\"potentialAction\":[{\"@type\":\"ReadAction\",\"target\":[\"https:\/\/wdolinierospudy.pl\/index.php\/o-nas\/\"]}]},{\"@type\":\"BreadcrumbList\",\"@id\":\"https:\/\/wdolinierospudy.pl\/index.php\/o-nas\/#breadcrumb\",\"itemListElement\":[{\"@type\":\"ListItem\",\"position\":1,\"item\":{\"@type\":\"WebPage\",\"@id\":\"http:\/\/wdolinierospudy.pl\/\",\"url\":\"http:\/\/wdolinierospudy.pl\/\",\"name\":\"Home\"}},{\"@type\":\"ListItem\",\"position\":2,\"item\":{\"@type\":\"WebPage\",\"@id\":\"https:\/\/wdolinierospudy.pl\/index.php\/o-nas\/\",\"url\":\"https:\/\/wdolinierospudy.pl\/index.php\/o-nas\/\",\"name\":\"Pensjonat\"}}]}]}<\/script>\n<!-- \/ Yoast SEO plugin. -->","_links":{"self":[{"href":"http:\/\/wdolinierospudy.pl\/index.php\/wp-json\/wp\/v2\/pages\/21"}],"collection":[{"href":"http:\/\/wdolinierospudy.pl\/index.php\/wp-json\/wp\/v2\/pages"}],"about":[{"href":"http:\/\/wdolinierospudy.pl\/index.php\/wp-json\/wp\/v2\/types\/page"}],"author":[{"embeddable":true,"href":"http:\/\/wdolinierospudy.pl\/index.php\/wp-json\/wp\/v2\/users\/1"}],"replies":[{"embeddable":true,"href":"http:\/\/wdolinierospudy.pl\/index.php\/wp-json\/wp\/v2\/comments?post=21"}],"version-history":[{"count":10,"href":"http:\/\/wdolinierospudy.pl\/index.php\/wp-json\/wp\/v2\/pages\/21\/revisions"}],"predecessor-version":[{"id":283,"href":"http:\/\/wdolinierospudy.pl\/index.php\/wp-json\/wp\/v2\/pages\/21\/revisions\/283"}],"wp:attachment":[{"href":"http:\/\/wdolinierospudy.pl\/index.php\/wp-json\/wp\/v2\/media?parent=21"}],"curies":[{"name":"wp","href":"https:\/\/api.w.org\/{rel}","templated":true}]}}