{"id":25,"date":"2014-12-12T14:11:12","date_gmt":"2014-12-12T14:11:12","guid":{"rendered":"http:\/\/wdolinierospudy.pl\/?page_id=25"},"modified":"2021-07-29T06:26:26","modified_gmt":"2021-07-29T06:26:26","slug":"atrakcje","status":"publish","type":"page","link":"http:\/\/wdolinierospudy.pl\/index.php\/atrakcje\/","title":{"rendered":"Atrakcje"},"content":{"rendered":"<h3><b>Jazda konna i HIPOTERAPIA\u00a0<\/b><\/h3>\n<p><span class=\"goog-text-highlight\"><strong><span class=\"goog-text-highlight\"><span class=\"goog-text-highlight\"><span class=\"goog-text-highlight\"><span class=\"goog-text-highlight\"><span class=\"goog-text-highlight\"><span class=\"goog-text-highlight\">Proponujemy nauk\u0119 Jazdy konnej -pod-okiem instruktora:<\/span><\/span><\/span><\/span><\/span><\/span><\/strong>\u00a0<\/span><br \/>\n<span class=\"goog-text-highlight\"><span class=\"goog-text-highlight\"><span class=\"goog-text-highlight\"><span class=\"goog-text-highlight\"><span class=\"goog-text-highlight\"><span class=\"goog-text-highlight\"><span class=\"goog-text-highlight\"> &#8211; prosimy o wcze\u015bniejszy kontakt w celu potwierdzenia dostepno\u015bci instruktora.<\/span><\/span><\/span><\/span><\/span><\/span><\/span><\/p>\n<p><a href=\"http:\/\/wdolinierospudy.pl\/wp-content\/uploads\/2014\/12\/P1060811-e1435149249907.jpg\"><img loading=\"lazy\" class=\"  aligncenter wp-image-121\" src=\"http:\/\/wdolinierospudy.pl\/wp-content\/uploads\/2014\/12\/P1060811-300x225.jpg\" alt=\"\" width=\"441\" height=\"331\" \/><\/a><\/p>\n<h3><b>Sauna \u00a0<\/b><\/h3>\n<p>(Cennik Na miejscu)<\/p>\n<p><a href=\"http:\/\/wdolinierospudy.pl\/wp-content\/uploads\/2014\/12\/DSC_0165-e1608634485426.jpg\"><img loading=\"lazy\" class=\"  alignnone wp-image-141 size-full\" src=\"http:\/\/wdolinierospudy.pl\/wp-content\/uploads\/2014\/12\/DSC_0165-e1608634485426.jpg\" alt=\"\" width=\"1025\" height=\"577\" srcset=\"http:\/\/wdolinierospudy.pl\/wp-content\/uploads\/2014\/12\/DSC_0165-e1608634485426.jpg 1025w, http:\/\/wdolinierospudy.pl\/wp-content\/uploads\/2014\/12\/DSC_0165-e1608634485426-300x169.jpg 300w, http:\/\/wdolinierospudy.pl\/wp-content\/uploads\/2014\/12\/DSC_0165-e1608634485426-1024x576.jpg 1024w, http:\/\/wdolinierospudy.pl\/wp-content\/uploads\/2014\/12\/DSC_0165-e1608634485426-768x432.jpg 768w\" sizes=\"(max-width: 1025px) 100vw, 1025px\" \/><\/a><\/p>\n<h3><b>Dodatkowo:<\/b><\/h3>\n<p><span class=\"goog-text-highlight\"><span class=\"goog-text-highlight\">&#8211; Tu\u017c za pensjonatem znajduj\u0119 Si\u0119 Du\u017cy staw z pi\u0119kna wysepka, na ktorej znajduje Si\u0119 altana wyposa\u017cona w SOFE \u010f pufki, doskona\u0142e <\/span><\/span><strong><span class=\"goog-text-highlight\"><span class=\"goog-text-highlight\">MIEJSCE &lt;do&gt; Wypoczynku,<\/span><\/span><\/strong><\/p>\n<p><strong>&#8211; Mo\u017cliwo\u015b\u0107 pow\u0119dkowania\u00a0<\/strong><\/p>\n<p><a href=\"http:\/\/wdolinierospudy.pl\/wp-content\/uploads\/2014\/12\/header1.jpg\"><img loading=\"lazy\" class=\"  aligncenter wp-image-10 \" src=\"http:\/\/wdolinierospudy.pl\/wp-content\/uploads\/2014\/12\/header1-300x141.jpg\" alt=\"\" width=\"430\" height=\"202\" srcset=\"http:\/\/wdolinierospudy.pl\/wp-content\/uploads\/2014\/12\/header1-300x141.jpg 300w, http:\/\/wdolinierospudy.pl\/wp-content\/uploads\/2014\/12\/header1.jpg 1000w\" sizes=\"(max-width: 430px) 100vw, 430px\" \/><\/a><\/p>\n<p><strong>&#8211; P\u0142ywanie \u0142\u00f3dka po stawie<\/strong> &#8211; \u0142\u00f3dka &lt;do&gt; dyspozycji go\u015bci <strong>&#8211; grill i ognisko<\/strong><\/p>\n<p><strong>&#8211; Tenis sto\u0142owy i pi\u0142karzyki<\/strong><\/p>\n<p><a href=\"http:\/\/wdolinierospudy.pl\/wp-content\/uploads\/2014\/12\/125094891_5_644x461_noclegi-pokoje-tanie-i-komfortowe-suwalszczyzna-mazury-podlaskie.jpg\"><img loading=\"lazy\" class=\"    aligncenter wp-image-36\" src=\"http:\/\/wdolinierospudy.pl\/wp-content\/uploads\/2014\/12\/125094891_5_644x461_noclegi-pokoje-tanie-i-komfortowe-suwalszczyzna-mazury-podlaskie-300x235.jpg\" alt=\"\" width=\"369\" height=\"289\" srcset=\"http:\/\/wdolinierospudy.pl\/wp-content\/uploads\/2014\/12\/125094891_5_644x461_noclegi-pokoje-tanie-i-komfortowe-suwalszczyzna-mazury-podlaskie-300x235.jpg 300w, http:\/\/wdolinierospudy.pl\/wp-content\/uploads\/2014\/12\/125094891_5_644x461_noclegi-pokoje-tanie-i-komfortowe-suwalszczyzna-mazury-podlaskie.jpg 546w\" sizes=\"(max-width: 369px) 100vw, 369px\" \/><\/a><\/p>\n<p>&#8211; <strong>plac zabaw Dla dzieci:<\/strong> \u00a0zje\u017cd\u017calnia, Piaskownicy, hu\u015btawka, akcesoria do piaskownicy i inne zabawki; <strong>\u00a0dla doros\u0142ych \u00ef Dla Dzieci Dwa wygodne hamaki,<\/strong><\/p>\n<p><a href=\"http:\/\/wdolinierospudy.pl\/wp-content\/uploads\/2014\/12\/DSC_01591.jpg\"><img loading=\"lazy\" class=\"  aligncenter wp-image-150 \" src=\"http:\/\/wdolinierospudy.pl\/wp-content\/uploads\/2014\/12\/DSC_01591-300x169.jpg\" alt=\"\" width=\"421\" height=\"237\" \/><\/a><\/p>\n<p>&#8211; Jesieni\u0105 MO\u017bLIWO\u015a\u0106 Zebrania\u00a0 <strong>Grzyb\u00f3w i \u017burawin<\/strong> (w pobli\u017cu przepi\u0119kny las)<\/p>\n<p><strong>&#8211; Sp\u0142yw Kajakowy rzek\u0105 Rospuda<\/strong><\/p>\n<p style=\"text-align: left;\"><a href=\"http:\/\/wdolinierospudy.pl\/wp-content\/uploads\/2014\/12\/kajaki.jpg\"><img loading=\"lazy\" class=\"aligncenter wp-image-74 size-full\" src=\"http:\/\/wdolinierospudy.pl\/wp-content\/uploads\/2014\/12\/kajaki.jpg\" alt=\"kajaki\" width=\"448\" height=\"298\" srcset=\"http:\/\/wdolinierospudy.pl\/wp-content\/uploads\/2014\/12\/kajaki.jpg 448w, http:\/\/wdolinierospudy.pl\/wp-content\/uploads\/2014\/12\/kajaki-300x199.jpg 300w\" sizes=\"(max-width: 448px) 100vw, 448px\" \/><\/a><br \/>\nW niedu\u017cej odleg\u0142o\u015bci ca\u0142y <strong>szereg atrakcji Turystycznych<\/strong> , Z ktor\u00fdch s\u0142ynie pi\u0119kna o ka\u017cdej porze Roku Suwalszczy\u017anie<\/p>\n<p style=\"text-align: center;\"><strong>Mosty w Sta\u0144czykach<\/strong><\/p>\n<p><a href=\"http:\/\/wdolinierospudy.pl\/wp-content\/uploads\/2015\/06\/Obraz-198.jpg\"><img loading=\"lazy\" class=\"  aligncenter wp-image-131\" src=\"http:\/\/wdolinierospudy.pl\/wp-content\/uploads\/2015\/06\/Obraz-198-300x225.jpg\" alt=\"\" width=\"415\" height=\"311\" \/><\/a><\/p>\n<p style=\"text-align: center;\">\n","protected":false},"excerpt":{"rendered":"<p>Jazda konna i HIPOTERAPIA\u00a0 Proponujemy nauk\u0119 Jazdy konnej -pod-okiem instruktora:\u00a0 &#8211; prosimy o wcze\u015bniejszy kontakt w celu potwierdzenia dostepno\u015bci instruktora. Sauna \u00a0 (Cennik Na miejscu) Dodatkowo: &#8211; Tu\u017c za pensjonatem znajduj\u0119 Si\u0119 Du\u017cy staw z pi\u0119kna wysepka, na ktorej znajduje Si\u0119 altana wyposa\u017cona w SOFE \u010f pufki, doskona\u0142e MIEJSCE &lt;do&gt; Wypoczynku, &#8211; Mo\u017cliwo\u015b\u0107 pow\u0119dkowania\u00a0 &#8211; [&hellip;]<\/p>\n","protected":false},"author":1,"featured_media":0,"parent":0,"menu_order":0,"comment_status":"open","ping_status":"open","template":"","meta":[],"yoast_head":"<!-- This site is optimized with the Yoast SEO plugin v15.9.2 - https:\/\/yoast.com\/wordpress\/plugins\/seo\/ -->\n<title>Atrakcje - W dolinie Rospudy<\/title>\n<meta name=\"description\" content=\"Atrkacje czekaj\u0105ce na go\u015bci naszego pensjonatu, a w\u015br\u00f3d nich konie, sauna, mn\u00f3stwo przestrzeni, odpoczynku i dobrego humoru.\" \/>\n<link rel=\"canonical\" href=\"https:\/\/wdolinierospudy.pl\/index.php\/atrakcje\/\" \/>\n<meta property=\"og:locale\" content=\"en_US\" \/>\n<meta property=\"og:type\" content=\"article\" \/>\n<meta property=\"og:title\" content=\"Atrakcje - W dolinie Rospudy\" \/>\n<meta property=\"og:description\" content=\"Atrkacje czekaj\u0105ce na go\u015bci naszego pensjonatu, a w\u015br\u00f3d nich konie, sauna, mn\u00f3stwo przestrzeni, odpoczynku i dobrego humoru.\" \/>\n<meta property=\"og:url\" content=\"https:\/\/wdolinierospudy.pl\/index.php\/atrakcje\/\" \/>\n<meta property=\"og:site_name\" content=\"W dolinie Rospudy\" \/>\n<meta property=\"article:modified_time\" content=\"2021-07-29T06:26:26+00:00\" \/>\n<meta property=\"og:image\" content=\"http:\/\/wdolinierospudy.pl\/wp-content\/uploads\/2014\/12\/P1060811-300x225.jpg\" \/>\n<meta name=\"twitter:label1\" content=\"Est. reading time\">\n\t<meta name=\"twitter:data1\" content=\"2 minutes\">\n<script type=\"application\/ld+json\" class=\"yoast-schema-graph\">{\"@context\":\"https:\/\/schema.org\",\"@graph\":[{\"@type\":\"WebSite\",\"@id\":\"http:\/\/wdolinierospudy.pl\/#website\",\"url\":\"http:\/\/wdolinierospudy.pl\/\",\"name\":\"W dolinie Rospudy\",\"description\":\"\",\"potentialAction\":[{\"@type\":\"SearchAction\",\"target\":\"http:\/\/wdolinierospudy.pl\/?s={search_term_string}\",\"query-input\":\"required name=search_term_string\"}],\"inLanguage\":\"en-US\"},{\"@type\":\"ImageObject\",\"@id\":\"https:\/\/wdolinierospudy.pl\/index.php\/atrakcje\/#primaryimage\",\"inLanguage\":\"en-US\",\"url\":\"http:\/\/wdolinierospudy.pl\/wp-content\/uploads\/2014\/12\/P1060811-300x225.jpg\"},{\"@type\":\"WebPage\",\"@id\":\"https:\/\/wdolinierospudy.pl\/index.php\/atrakcje\/#webpage\",\"url\":\"https:\/\/wdolinierospudy.pl\/index.php\/atrakcje\/\",\"name\":\"Atrakcje - W dolinie Rospudy\",\"isPartOf\":{\"@id\":\"http:\/\/wdolinierospudy.pl\/#website\"},\"primaryImageOfPage\":{\"@id\":\"https:\/\/wdolinierospudy.pl\/index.php\/atrakcje\/#primaryimage\"},\"datePublished\":\"2014-12-12T14:11:12+00:00\",\"dateModified\":\"2021-07-29T06:26:26+00:00\",\"description\":\"Atrkacje czekaj\\u0105ce na go\\u015bci naszego pensjonatu, a w\\u015br\\u00f3d nich konie, sauna, mn\\u00f3stwo przestrzeni, odpoczynku i dobrego humoru.\",\"breadcrumb\":{\"@id\":\"https:\/\/wdolinierospudy.pl\/index.php\/atrakcje\/#breadcrumb\"},\"inLanguage\":\"en-US\",\"potentialAction\":[{\"@type\":\"ReadAction\",\"target\":[\"https:\/\/wdolinierospudy.pl\/index.php\/atrakcje\/\"]}]},{\"@type\":\"BreadcrumbList\",\"@id\":\"https:\/\/wdolinierospudy.pl\/index.php\/atrakcje\/#breadcrumb\",\"itemListElement\":[{\"@type\":\"ListItem\",\"position\":1,\"item\":{\"@type\":\"WebPage\",\"@id\":\"http:\/\/wdolinierospudy.pl\/\",\"url\":\"http:\/\/wdolinierospudy.pl\/\",\"name\":\"Home\"}},{\"@type\":\"ListItem\",\"position\":2,\"item\":{\"@type\":\"WebPage\",\"@id\":\"https:\/\/wdolinierospudy.pl\/index.php\/atrakcje\/\",\"url\":\"https:\/\/wdolinierospudy.pl\/index.php\/atrakcje\/\",\"name\":\"Atrakcje\"}}]}]}<\/script>\n<!-- \/ Yoast SEO plugin. -->","_links":{"self":[{"href":"http:\/\/wdolinierospudy.pl\/index.php\/wp-json\/wp\/v2\/pages\/25"}],"collection":[{"href":"http:\/\/wdolinierospudy.pl\/index.php\/wp-json\/wp\/v2\/pages"}],"about":[{"href":"http:\/\/wdolinierospudy.pl\/index.php\/wp-json\/wp\/v2\/types\/page"}],"author":[{"embeddable":true,"href":"http:\/\/wdolinierospudy.pl\/index.php\/wp-json\/wp\/v2\/users\/1"}],"replies":[{"embeddable":true,"href":"http:\/\/wdolinierospudy.pl\/index.php\/wp-json\/wp\/v2\/comments?post=25"}],"version-history":[{"count":42,"href":"http:\/\/wdolinierospudy.pl\/index.php\/wp-json\/wp\/v2\/pages\/25\/revisions"}],"predecessor-version":[{"id":285,"href":"http:\/\/wdolinierospudy.pl\/index.php\/wp-json\/wp\/v2\/pages\/25\/revisions\/285"}],"wp:attachment":[{"href":"http:\/\/wdolinierospudy.pl\/index.php\/wp-json\/wp\/v2\/media?parent=25"}],"curies":[{"name":"wp","href":"https:\/\/api.w.org\/{rel}","templated":true}]}}